it of 340/2210 + 36918/13?
0
Suppose 2*s + w = -s - 13, 3*w = 2*s + 27. What is the units digit of s/(-4)*((-320)/(-3) + 2)?
3
Suppose 4*y + 50 = 9*y. Let j(b) = 3*b + 2 + 2 + 0*b. What is the tens digit of j(y)?
3
Suppose -2*d = 8 - 12. Let o = d + 0. What is the units digit of o?
2
Let o(f) = -f**2 - 9*f - 15. Let x be o(-6). What is the units digit of ((-87)/(-4))/(x/12)?
7
Suppose -7*i = -3*i. Suppose i*d - 128 = -2*d. Suppose 5*x - 66 = s + d, 104 = 4*x + 4*s. What is the tens digit of x?
2
Let k = -196 + 458. What is the hundreds digit of k?
2
Let z = -29 - 91. Let p = -86 - z. What is the tens digit of p?
3
Suppose -2*j + 25 = -95. Let z be (24/30)/(2/j). Let a = 12 + z. What is the units digit of a?
6
Let g(m) = -m**3 + 12*m**2 + 19*m - 9. Let h be g(13). Suppose -5*c + 2*d + 318 = 0, h = 2*c - 4*d - 55. What is the units digit of c?
4
Let h(v) = 14 - 404*v - v**3 + 189*v + 200*v + 14*v**2. What is the hundreds digit of h(9)?
2
Suppose -3*v + 6*v = -3. Let m be -2 - v - (1 - -50). Let r = -29 - m. What is the tens digit of r?
2
What is the tens digit of 1332/6*((-24)/(-9))/4?
4
Let f be (-3 + 4)*7 - 4. Let p = 6 - f. Suppose a + 2*a - 4*m = 19, -a + p = -2*m. What is the tens digit of a?
1
Suppose -2*s - 13 = 2*w - 3*s, -5*s + 9 = 4*w. Let d = w + 4. Suppose d = -p + z + 12 + 8, -5*z - 56 = -3*p. What is the tens digit of p?
2
Let j = 51 + -17. Let g = 49 + -60. Let q = g + j. What is the units digit of q?
3
Suppose -2*r = -b - 971 + 2824, 0 = 4*r - 20. What is the hundreds digit of b?
8
Suppose 3*y = 5*a - 396 - 259, 4*y = -2*a + 236. What is the tens digit of a?
2
Suppose 4*v - 1482 = -2*k, -k - 2 = -3. Suppose -5*q + 7*z = 3*z - v, 375 = 5*q - 5*z. What is the tens digit of q?
7
Suppose -d - 2*u = -5*u - 195, -2*d + 5*u = -395. Suppose 3*a - 3*m = d, -m - 61 + 287 = 3*a. What is the tens digit of a?
7
Suppose v - g = 1332, -3*v + 12*g = 8*g - 3991. What is the thousands digit of v?
1
Suppose 5*a - 494 = 3*a. Let c be -2*1*a/26. Let b = -17 - c. What is the units digit of b?
2
Let r(o) = -o**3 - 7*o**2 + 9*o + 10. Let x be r(-8). Let w be (9/2)/(x/4). What is the tens digit of 4/((-12)/w) - -40?
3
Suppose -d - 17 = -4*z - 0*d, -5*z + 28 = d. Suppose 2*a - 5*p = 46 + 67, -z*a = 2*p - 210. What is the tens digit of a?
4
Suppose 0 = 3*n + 3*f - 45, -3*n = -5*n + f + 15. Suppose -15 = 5*k - n*k. Suppose -2*x = -5*x + 5*w + 23, 68 = k*x + 4*w. What is the units digit of x?
6
Suppose 28*w - 26*w - 18 = 0. What is the tens digit of 39*(1 + (-3)/w)?
2
Let w be 7/7 + 0 + 3. Suppose -12 + w = -4*v. Suppose 2*g - 75 = -5*x, g - 2*x = -v*g + 65. What is the tens digit of g?
2
Suppose -10 = -3*o - 2*o. Suppose 0 = -5*x - 0*x - 5. What is the units digit of (-3 + o + x)*-5?
0
Suppose -158*i + 146*i = -21312. What is the tens digit of i?
7
Let i be ((-132)/24)/(2/(-4)). Suppose 10*k + 4 = i*k. Suppose 4*y - 5*c + 6 - 41 = 0, -k*c - 46 = -5*y. What is the units digit of y?
0
What is the thousands digit of -7 + 5 - 2 - -1249*2?
2
Suppose 11471 = 5*v - h, 5*h - 4610 = -18*v + 16*v. What is the units digit of v?
5
Let k(z) be the third derivative of -z**6/120 - z**5/20 + z**4/24 + z**3/6 + z**2. Let i be k(-4). Let y = 23 - i. What is the tens digit of y?
1
Let o be ((-19)/2)/((-10)/20). Let m = 22 - o. Suppose m*j - 2*j - k - 28 = 0, -2*k = 2. What is the units digit of j?
7
Let v = 28 + -22. What is the units digit of (3/v)/(9/90)?
5
Let p = -73 + 118. Suppose -5*i + 15 = -2*h - 24, 0 = -5*i + 5*h + p. What is the units digit of i?
7
Let y = 4109 + -1216. What is the units digit of y?
3
What is the units digit of 2680/6 + (20/3)/(-10)?
6
Suppose -4*p + 9 = -3*p - c, 3*p - 17 = c. Suppose -u = -3*u + p. What is the units digit of (-2 - 3)*u/(-2)?
5
Suppose -12*u + 34477 = 13525. What is the hundreds digit of u?
7
Let l(c) = -c**3 - 6*c**2 - 4*c + 3. Let f be l(-4). Let h = f - -18. Suppose s = 5*w - w + 39, h*s - 70 = -5*w. What is the units digit of s?
9
What is the tens digit of (39/10)/(21/42)*470?
6
Suppose 0 = 2*q - 0*q - 82. Let v = q + 37. Suppose 3*g - v = 4*r, 0 = -2*g + 4*g - 2*r - 50. What is the units digit of g?
2
Let r(v) = -v**2 + 24*v - 133. What is the units digit of r(13)?
0
Let h be 986/12 + (-13)/78. Suppose 2*s - 4*r + 168 = 0, -4*s - 3*r - h = 210. Let q = s + 140. What is the tens digit of q?
6
Suppose -27*q + 25388 = -16*q. What is the units digit of q/34 - (-10)/85?
8
Let b be 0 + (-3 - -1)/(-1). Let n(u) = -8*u + 4*u - b - 11*u. What is the tens digit of n(-4)?
5
Suppose x + 222 = 2*x. Suppose -113 - x = -l. Suppose 0 = 11*s - 16*s + l. What is the tens digit of s?
6
Let k = 1981 - 1381. What is the units digit of k?
0
Let d(n) = 63*n - 725. What is the tens digit of d(19)?
7
Suppose -4*m + 30 = -3*x, 7*x - 24 = -5*m + 4*x. Suppose -b = p, p + m*b = 2*b + 6. Let j = p + 9. What is the units digit of j?
7
Let x(p) = 1750*p**2 + 55*p + 56. What is the thousands digit of x(-1)?
1
Let v = -167 + 261. What is the units digit of v?
4
What is the units digit of (-488)/(-122) - ((-10046)/2 + -1)?
8
Let i = -29 - -35. Suppose -i*a - 80 = -7*a. What is the units digit of a?
0
Let q = 462 + -105. Suppose a = 4*a - q. What is the tens digit of a?
1
Suppose -4*y - 17 = -3*a, 2*a - 1 = 5*y + 5*a. Let k be (-4 - -2)/(y/84). Suppose 2*u - u + 5*b = -3, 0 = 4*u - 4*b - k. What is the tens digit of u?
1
Let s = 3 + 2. Suppose d - 46 = -4*l, -s*d + 326 = -0*l - 4*l. What is the units digit of 6/(-18) + d/6?
0
Let m(o) be the second derivative of o**5/20 + 2*o**4/3 - 5*o**3/6 - o**2/2 + 12*o. What is the units digit of m(-6)?
1
Let a = -20 - -32. Suppose -i + 13 = -2*d - d, -2*d + 4*i - a = 0. What is the tens digit of (0 - 1)*112/d?
2
Let o = -862 + 1678. What is the tens digit of o?
1
Suppose -56*x + 61*x + 8696 = 4*a, 0 = 4*x. What is the units digit of a?
4
Let a = 363 - -649. What is the units digit of a?
2
Let i(l) = -2*l - 2. Suppose 2*p = 6 - 0. Let w be i(p). Let r = w + 34. What is the units digit of r?
6
Suppose 0 = 3*h - 3*v - 1 - 8, 3*v = -3*h + 21. Suppose -8*p + 60 = -h*p. What is the tens digit of p?
2
Let a = 40 + -36. Suppose -a*x = 2*c - 157 - 5, -30 = -x + 3*c. What is the units digit of x?
9
Let y(w) = -5*w**2 - w - 2. Let i be y(-2). What is the tens digit of (-44)/(i/5)*2?
2
Let b = -52 + -18. Let m = 126 + b. What is the tens digit of m?
5
Let z(y) = y**3 - 6*y**2 + 3*y - 5. Let q be z(6). Suppose -8*i - 20 = -q*i. Suppose -i*s + 3*n = -90, -n + 50 = 2*s - 5*n. What is the tens digit of s?
2
Let i(n) = n**3 + 20*n**2 - 18*n - 33. What is the hundreds digit of i(-20)?
3
Let n be (-78)/5*(-4 + -11). Suppose 2*y - n = -94. What is the units digit of y?
0
Suppose 4*h + 5650 = 5*b, -2*h - 4222 = h + 4*b. Let w = 212 - 248. What is the units digit of h/w - 2/12?
9
Suppose 0 = 4*w - 6 + 2. Let c = w - -7. What is the units digit of (-1 - -77)*4/c?
8
Let f be (2 - -102*1)*-2. What is the units digit of -2 + 3 + f/(-8)?
7
What is the hundreds digit of (-115)/(-23)*(-1 - 931/(-5))?
9
Let i(j) = -j**3 - 24*j**2 - 25*j + 10. Let s = -30 - -7. What is the units digit of i(s)?
6
What is the hundreds digit of (-16)/2*-71*(-84)/(-16)?
9
Suppose 3*a = -y + 8, y = 5*a - 12 - 12. Let c be 12/9 + a/6. Suppose 2*g - c*h = 3*g + 4, 0 = -5*g - 2*h + 12. What is the units digit of g?
4
Let z(g) = -30*g + 153. What is the units digit of z(3)?
3
Suppose -4*z + 341 = 3*w, 4*z = w + 1 - 120. What is the hundreds digit of 4 + -1 + w - 0?
1
Let l(b) = 154*b**2 + 20*b + 5. What is the tens digit of l(4)?
4
Let p = -52 + 57. Suppose p*s + 0*l + l = 210, 4*l = 3*s - 126. What is the tens digit of s?
4
Let d be 2/(-1*(-6)/(-21)). Let w be d/2*(-288)/56. Suppose -j = -18 - w. What is the units digit of j?
6
Suppose -12*c = -6*c - 2502. What is the units digit of c?
7
Let q(g) = g + 6. What is the units digit of q(1)?
7
Let o = 1050 - 536. What is the units digit of o?
4
Suppose -a + 0*h = 4*h + 17, -5*h - 70 = 5*a. Let q = 14 + a. What is the units digit of -33*(-3)/(4 - q)?
3
Let h be 2 + 1*(8 + -2). Suppose -4*k - 44 = -4*m, 5*m + k = m + 59. Let i = m - h. What is the units digit of i?
6
Let j(g) be the first derivative of g**4/4 + 8*g**3/3 - 5*g**2/2 - 4*g - 16. What is the units digit of j(-7)?
0
Let p be 6 - 6 - 3/1. Let v be (-2)/p - (-10)/3. L